 -1. Let d(b) = -b + 33. Let m(q) = w*d(q) - 5*n(q). What is the tens digit of m(12)?
4
Suppose k - 17 = -3*u, k - 25 = -3*u - 2*u. What is the tens digit of -3*((-163)/3 + u)?
5
Let w = 49 + 259. What is the units digit of w?
8
Suppose -3*f - 3 = 3*h, -h - 5*f + 10 + 1 = 0. Let a = 8 + h. What is the units digit of a?
4
Let o = 240 - 49. What is the hundreds digit of o?
1
Let w be 3/(-18) + (-98)/(-12). Suppose -w*c + 4*c = -8. Suppose -2*q - 21 + 75 = -4*k, -c*q + 2*k = -44. What is the tens digit of q?
1
Let m(w) = 241*w + 908. What is the units digit of m(5)?
3
Let g be -3 - 3/(3/(-731)). What is the units digit of 1/(3 - g/244)?
1
Suppose 4*p + 2*i - i - 15 = 0, 4*i = -4. Suppose 3*f = p*f - 26. Suppose f = -b + 3*b - 4*j, 5*b + 4*j = 93. What is the tens digit of b?
1
Suppose -90 = -2*o - 3*o. Suppose 6*a - 3*a = 3*m + o, -m - 3 = 0. Suppose -4*y = 4, -5*z = -a*y + y - 92. What is the tens digit of z?
1
Suppose -3*z - 4*o + 6 = -0*o, 3*z - 4*o - 6 = 0. Let g be z/(-1) + (5 - 5). What is the tens digit of 1 - 2*(-18 + g)?
4
Let g(u) = 2*u - 7. Let n be g(5). Suppose -n*k = k. Suppose -5*p - 5*f + 230 = 0, 2*p + 2*p + f - 181 = k. What is the units digit of p?
5
Let s = -26 + 59. Let v = s + -3. What is the units digit of v?
0
Let t(y) = 548*y**2 - 9*y - 2. What is the tens digit of t(-1)?
5
Suppose 0 = 3*o - 0 - 12. Let k = o + 112. What is the units digit of k?
6
Let b = 431 - -478. What is the tens digit of b?
0
Let v(d) = -2*d**2 + 5*d**2 + 3*d**2 + d**2. Let r be v(6). What is the units digit of r/66 + (-2)/(-11)?
4
Let x(h) = 277*h**3 - 2*h + 1. Let m be x(1). Suppose -100*z = -98*z - m. What is the hundreds digit of z?
1
Let d be -1 - 4/(12/(-15)). Let r be (16 - 1) + 4/d. Let v = 34 - r. What is the tens digit of v?
1
Suppose s - 5*a = -0*s + 135, -4*a = s - 162. Let t = s + -89. What is the units digit of t?
1
Suppose 8*w - 9568 = -15*w. What is the hundreds digit of w?
4
Let u(l) = -l**3 - 7*l**2 + 18*l + 2. Let i be u(-9). Suppose -5*y = -i*y - 372. What is the hundreds digit of y?
1
Let x = 20 + -19. What is the tens digit of (3/6*158)/x?
7
Suppose -5*b + 3*d - 80 = 1, 4*d = b + 23. Let j = b - -19. What is the units digit of j?
4
Suppose 0 = -4*o + 634 + 5254. What is the hundreds digit of o?
4
Let w(q) = q**3 - 6*q**2 + 2. Let y be w(6). Suppose -2*u = -y*n + 94, -4*n - u + 275 = 72. What is the units digit of n?
0
Suppose 3*k - k = -11138. Let m = k + 3473. What is the units digit of (-4)/(-14) - m/112?
9
Let v(n) = -n**3 + 4*n**2 + 21 + 16*n - 43 + 13*n**2 + 5*n. What is the units digit of v(17)?
5
Suppose 5*a - 2*t = 499, 13*a - 17*a + t = -398. What is the tens digit of a?
9
Let j(u) = -u**3 + u**2 - 1. Let o(v) = -2*v**3 - 4*v**2 - 10*v + 6. Let y(k) = 3*j(k) - o(k). What is the units digit of y(7)?
1
Suppose -178 - 130 = -7*x. What is the units digit of x?
4
Suppose 5*h - h - 7664 = 4*u, -2*h + 3856 = 4*u. What is the hundreds digit of h?
9
Let y(u) = 7*u**3 + 10*u**2 - 60*u - 4. What is the tens digit of y(8)?
4
What is the units digit of ((-182)/4)/(1281/(-182) + 7)?
3
Let g = 56 + 296. What is the units digit of g?
2
Let j(z) = z - 6. Let m be j(8). Let q = -5 + -1. What is the units digit of 3*m - (q + 3)?
9
Suppose 177 = -2*t + 1321. What is the tens digit of t?
7
Suppose 107*y = 110*y - 1143. What is the tens digit of y?
8
Suppose 3*l + 10 = -2. Let a(b) = b**3 + 4*b**2 + 5. Let n be a(l). Suppose 4*v + v = -w + 224, -n*w + 240 = 5*v. What is the tens digit of v?
4
What is the units digit of (-13)/(1729/14) + (-92956)/(-76)?
3
Suppose 93*o - 23*o = 84420. What is the units digit of o?
6
What is the tens digit of (((-210)/(-4))/21)/(2/288)?
6
Let f = 200 - 101. Let m = -72 + f. What is the units digit of m?
7
Let z be -1 + 1 + (-3 - -8). Suppose 0 = -g + z*c + 179, 5*g - c - 379 - 444 = 0. Let u = g - 106. What is the tens digit of u?
5
Suppose 3899 = 8*c - 6005. What is the thousands digit of c?
1
Let i(l) = -l**3 + 6*l**2 + 19*l + 10. Let j be i(8). Suppose -2*d - 4*w + j = -22, 2*w = -5*d + 100. What is the units digit of d?
8
Let t = -1253 - -3456. What is the units digit of t?
3
Let k = -355 - -1946. What is the tens digit of k?
9
Let v(u) = 7*u**2 + 5*u + 3. Let g(h) = -11*h**2 - 7*h - 4. Let z(i) = -5*g(i) - 7*v(i). Let k(m) = m + 6. Let w be k(-5). What is the units digit of z(w)?
5
Let p(c) be the second derivative of -c**4/4 - 5*c**3/6 - c**2 - 4*c. Let g(f) be the first derivative of p(f). What is the units digit of g(-2)?
7
Suppose -212 = -4*k + 2*k. Suppose 0 = -3*v - 2*a + k, 4*v - 3*a = -v + 183. What is the units digit of v?
6
Suppose 0 = -18*u + 2540 + 5920. What is the hundreds digit of u?
4
Suppose -4*v = 3*b - 10, -b = -3*b + 3*v + 1. Let h(x) be the first derivative of 7*x**2/2 + 2*x - 17. What is the units digit of h(b)?
6
What is the tens digit of ((-52)/(-6))/((-1708)/1722 - -1)?
6
Let x = -49 - -45. What is the hundreds digit of (x + 2)*(-508)/8?
1
Suppose -4 = -2*y + 24. Suppose -2*t - i = t - 19, 0 = -2*t - i + y. Suppose -a - t*s + 16 = -3, -5*a + 5*s = -125. What is the units digit of a?
4
Let x(y) = y**3 - y**2 - y + 1. Let j be ((-3)/(-2))/(6/4). Let d(g) = -3*g**3 + 2*g**2 + 3*g + 2. Let t(v) = j*x(v) - d(v). What is the units digit of t(3)?
8
Suppose 10 + 66 = 2*y. Let r = 103 - y. What is the units digit of r?
5
Let q(w) = w**2 - 2*w + 15. Let u be q(0). Let o be ((-48)/u)/(1/(-10)). Suppose 3*g + 5*c + 4 = -4, -3*c = -5*g + o. What is the units digit of g?
4
Suppose -4*a = -5*x + 8, -3*x - 4 = 8*a - 6*a. Let j(t) = 0*t**2 - t**3 + 0*t**2 + 10 + t**2. What is the units digit of j(x)?
0
Suppose 0 = -2*m + m - 5*v + 196, -2*m - 2*v = -392. Suppose 115 = 4*l - i, -5*l + 2*i = -m + 50. Let s = l - 11. What is the units digit of s?
7
Let s(w) = 3*w**3 - w**2 - w + 2. Let n be s(1). Suppose n*d = -2*d. Suppose 3*i = -d*i + 81. What is the tens digit of i?
2
Let z(j) be the second derivative of 15*j**4/4 - j**3/6 - 2*j**2 + 34*j. What is the hundreds digit of z(-2)?
1
Let j(z) = 230*z - 92. What is the tens digit of j(4)?
2
Let m = 235 - 134. What is the hundreds digit of m?
1
Let z = 447 + 426. What is the tens digit of z?
7
Let u = -5 - -9. Let v(o) = -o**2 + o - 1. Let t(h) = -6*h**2 + 7*h - 12. Let m(f) = -t(f) + 4*v(f). What is the tens digit of m(u)?
2
Let f(u) = 38*u**2 + 2*u + 3. Let y be f(-1). Suppose -n + 57 = -q - y, 3*q + 189 = 2*n. What is the units digit of n?
9
Let i(p) = -p**3 + 21*p**2 - p + 11. Let y be i(21). Let j = -58 + 94. Let x = y + j. What is the tens digit of x?
2
Suppose 0 = -42*i + 9*i + 28413. What is the tens digit of i?
6
Let o = 15 - 10. Let j = o + 25. Suppose -g - 4*r = g - j, 0 = -4*g - 4*r + 48. What is the units digit of g?
9
Let m = 2742 - 672. What is the hundreds digit of m?
0
Let m(p) = 5*p**2 + 17*p + 29. What is the units digit of m(-10)?
9
Let a(t) = -459*t + 60. What is the thousands digit of a(-3)?
1
Suppose -4*c + 3*c = -2*c. Suppose 2*b + c*n = 5*n + 32, 2*n = 3*b - 37. What is the units digit of b?
1
Let a(v) = v**3 + 7*v**2 - v. Let i be a(-6). Let d = -18 + i. What is the units digit of 2 + -4 - (0 - d)?
2
Let s(g) = g + 7. Let n be s(-3). Suppose -n*f + 142 = -94. What is the units digit of f?
9
Suppose -2*j = 2 + 4, 0 = -5*d - j + 227. Let n = d - -120. What is the hundreds digit of n?
1
Let x(h) = 2*h**3 - 6*h**2 - 4*h - 6. Let n be x(5). Let c = n + -40. What is the units digit of c?
4
Let l = -12 + 15. Suppose -111 = -6*r + l. What is the units digit of r?
9
Suppose -20*n + 4473 = -13*n. What is the hundreds digit of n?
6
Let o(y) = 51*y**2 - 9*y - 6. What is the units digit of o(-2)?
6
Let p = 87 + -91. Suppose -4*m = -7*m + 15. What is the units digit of (m/((-5)/p))/2?
2
Suppose 135*q = 155*q - 4340. What is the hundreds digit of q?
2
Let k(c) = -c**3 - 13*c**2 - c - 10. Let z be k(-13). Suppose 20 = 5*i, z*i = -0*u - 5*u + 42. What is the units digit of u?
6
Let j = 230 + 187. What is the hundreds digit of j?
4
Suppose -3*b + 2*z = -2*b - 13, 0 = -5*b - 5*z + 80. What is the units digit of (-732)/(-5) + (-6)/b?
6
What is the units digit of 2819 + (1 - 2)/((-22)/(-132))?
3
Suppose 0 = z + 2*w - 1333, 3*z = w - 0*w + 3992. What is the tens digit of z?
3
Let h(v) = -v - 9. Suppose 5*d + 0*u = -4*u - 29, -3*u = -5*d - 22. Let 